 10*d + 16. Let r be q(s). Determine b(r).
-9
Let l(y) = 2*y**2 + y + 2. Let i be l(0). Let d(n) = -2*n**3 - n**2 + 2*n. Determine d(i).
-16
Let m(u) be the second derivative of -u**3/2 - 7*u**2/2 + 6*u. Let w(q) = -q - 4. Let c be (1*-1)/((-4)/20). Let t(d) = c*w(d) - 2*m(d). Calculate t(5).
-1
Let y(t) = 2*t**3 - 2*t + 2. Suppose 65*n - 66 = -1. Calculate y(n).
2
Suppose 9 = 5*i - 2*j, -4*i - 2*j = j + 2. Let m be -4 - ((-6)/3 + i). Let p(g) = -g**3 - 4*g**2 - 5*g - 4. Determine p(m).
2
Let s(x) = -x**2 - 18*x - 30. Let t be s(-15). Let n(m) = 3*m**2 - 2*m**2 + t - 1 - 3*m**3 + 2*m**3. Give n(0).
14
Suppose 0 = -3*m - o + 86, -m + 2*o + 118 = 3*m. Suppose 7 = 4*i - m. Let l(w) = w**2 - 10*w + 13. What is l(i)?
4
Let o(a) = a - 10. Let l be (-72)/84 + 81/21. What is o(l)?
-7
Let a(b) be the first derivative of -2*b - 3/2*b**2 - 31. Determine a(2).
-8
Let i(r) = -12*r - 6*r - 4 - 2*r**2 + 26*r - 6*r. Give i(2).
-8
Let l(z) = -2*z - 6. Let p be (2 + 6 + -4 - 4)/1. Suppose -4*w = 4*y + 32, 13 = -y + 4*w - p. Calculate l(y).
12
Let f be (-2)/(-2) + -4 + 2. Let v = f + 2. Let b(o) be the second derivative of -3*o**3/2 - o**2/2 - 46*o. Give b(v).
-10
Let y be (-108)/(-1242) + 88/46. Let q(r) be the first derivative of -3 + 3/2*r**y - 3*r. Determine q(4).
9
Let d(v) = -v + 5. Let g be d(6). Let p(a) be the second derivative of -1/2*a**2 + 1/4*a**4 - 1/6*a**3 - 3*a + 0. What is p(g)?
3
Let l(s) = 3*s**3 - 10*s**2 + 4*s + 10. Let y(j) = j**3 - 2*j**2 + j + 1. Let o(n) = -l(n) + 2*y(n). What is o(6)?
-20
Let g(x) = x**3 - 6*x**2 + 9*x - 6. Let m be (-4)/(20/(-9 + 4))*4. What is g(m)?
-2
Let s be (1/(-7) + (-272)/(-336))*-6. Let d(l) = l**2 - l - 1. Let w(t) = 8*t + 6. Let i(v) = -d(v) - w(v). What is i(s)?
7
Suppose 4 - 40 = -12*y. Suppose -5*q + 45 = -2*j + 4*j, y*q = -5*j + 46. Let o(c) = c - 7. Give o(q).
0
Let z(p) = -7*p**3 - 16*p**2 - 5*p + 12. Let l(k) = 8*k**3 + 17*k**2 + 6*k - 13. Let y(g) = -6*l(g) - 7*z(g). Calculate y(-10).
4
Suppose -294 = -42*o + 91*o. Let x(j) = -j + 15. What is x(o)?
21
Let o(q) = -4 + 4 + 1 - 20*q + 11*q + 8*q. Calculate o(5).
-4
Suppose -16 + 22 = 3*w. Suppose -g + 3 = 1. Let m(r) = -g*r - r - w + 3. Give m(3).
-8
Let u(z) = -z**3 + 5*z**2 - 6*z + 5. Let w be u(3). Suppose 0 = w*t - 18 + 8. Let p be (3 - 0)*(t - 1). Let g(d) = d**3 - 5*d**2 + 2*d + 3. Determine g(p).
-9
Let c(g) = -g**2 + 6*g - 2. Let x(k) = k**2 - 5*k + 3. Let i(y) = -5*c(y) - 6*x(y). What is i(0)?
-8
Suppose 24 = 4*i + 2*s, i - 6*i = -2*s - 30. Let h be (i/12)/(3 + 33/(-12)). Let o(p) = -4*p**2 + 2*p + 1. Determine o(h).
-11
Let a(m) = -m**3 + 6*m**2 + 2*m - 2. Suppose -7*s = -10*s. Suppose f - 6 = -s*f. Give a(f).
10
Let o(r) be the third derivative of 5/24*r**4 + 0 - 1/60*r**5 - 2/3*r**3 + 0*r - 7*r**2. Calculate o(6).
-10
Suppose 0 = m + 3*p - 14 + 1, -5*p + 31 = 3*m. Let b(a) = 2*a - 8. Calculate b(m).
6
Let x(g) = 8*g**2 + 16*g - 10. Let q(p) = 3*p**2 + 8*p - 5. Let c(k) = 5*q(k) - 2*x(k). Let u be (-1 - 0)*-6*1. Determine c(u).
7
Let g(z) = -7*z**2 - 3*z - 2. Suppose -4*f - 2*n = -3*n + 5, f + 8 = -2*n. Determine g(f).
-24
Let f(b) be the third derivative of -1/120*b**6 + 0 - 2/3*b**3 - 13*b**2 + 0*b + 1/12*b**5 - 1/12*b**4. Calculate f(4).
4
Let a be (-2)/7 + 46/14. Suppose -10 = -p + a*f, -5*p - 11 + 4 = 4*f. Let x(s) = 7*s - 1. Calculate x(p).
6
Let i(t) = -t**2 + 3*t - 3. Let b(q) = -q**3 - 4*q**2 + 10*q - 9. Let l be b(-6). What is i(l)?
-3
Let z = 7 + -5. Suppose 4*c - 12 = 4*t, -4*c + 20 = -9*c - z*t. Let o(x) be the second derivative of -x**5/20 - 5*x**4/12 + x**2/2 - 1271*x. What is o(c)?
-11
Let y(k) = -6 + 3 + 2 - 5*k - 7*k + 13*k. Calculate y(7).
6
Let r = -61 + -35. Let w be 656/r + 1/(-6). Let g(t) = -t**2 - 7*t - 8. Give g(w).
-8
Let c = 132 - 130. Let h(q) = 342 + c*q - q**2 - 343 - 4*q. Calculate h(-3).
-4
Let f(q) = 8*q**2 + 2*q + 1. Let u = 3 - -2. Suppose -u - 10 = -5*a. Suppose a*z - 1 = 4*z. Give f(z).
7
Suppose -2 = -2*u + j, -4*u + 5*j + 13 = 3. Suppose -l = -u - 2. Let w(x) = -4*x**3 - x**2 - l + 10 - 8*x + 3*x**3 + 9*x. Determine w(0).
8
Let y be 14/(-21)*(0 + 6). Let r(n) = n**3 + 4*n**2 - n - 3. Determine r(y).
1
Let p(k) be the second derivative of -k**5/60 + k**4/8 - k**3/2 - 2*k**2 - 17*k. Let g(o) be the first derivative of p(o). What is g(2)?
-1
Let z(g) = g + 4. Let p(w) = w + 3. Let x be 6*(-3 - (-4)/1). Let m(f) = x*p(f) - 5*z(f). Let u be 2/6 - (-42)/9. Calculate m(u).
3
Let b(k) = k**3 - k**2 + k. Let p(h) = -3*h**3 - 6*h**2 + 7*h - 10. Let a(r) = -4*b(r) - p(r). Calculate a(9).
-8
Let m(l) = 2*l**3 - 10*l**2 - l. Let s(h) = -h**3 + 9*h**2 + 2*h - 1. Let c(o) = -2*m(o) - 3*s(o). Let a be (-408)/72 + (-2)/6. Determine c(a).
-9
Suppose -h - 21 = 20*h. Let m(z) = -4*z**3 + 2*z**2 - 1. Calculate m(h).
5
Let u(s) = -6 + s**2 - 23*s + 27*s - 9*s. Determine u(5).
-6
Suppose -u + 10 = -6*u. Let d(f) = -2*f. Let t be d(-2). Let s(y) = -5*y. Let h(p) = p - 1. Let j(b) = t*h(b) + s(b). Calculate j(u).
-2
Suppose 79*v - 88*v - 9 = 0. Let z(a) = 5*a**2 - 1. Give z(v).
4
Let p(m) be the first derivative of m**2/2 + 6*m + 55. Let u be -4 - ((-20)/5 - -7). Calculate p(u).
-1
Let h(y) = -19*y + 36. Let t(f) = -8*f + 17. Let n(i) = -3*h(i) + 7*t(i). Calculate n(0).
11
Let s(c) = c**2 - 4*c - 7. Let r be s(6). Let d(i) = -4 - r*i + 4*i - 2*i. Let u = -7595 + 7592. Determine d(u).
5
Let t(j) be the first derivative of j**3/3 + 4*j - 1. Suppose -q + 3*q - 8 = 4*p, 4*q + 5*p = 42. Suppose 0*b - 4*b = -4*n - q, 4*b = -n - 2. Determine t(b).
4
Let y be (-4 - -2 - -3)*0. Suppose -3*o = -y*o - 3. Let w(r) = -6*r. Let p be w(o). Let b(g) = g**2 + 7*g + 8. Determine b(p).
2
Let v(o) = -o**2 - 3*o - 3. Suppose 154 = 103*b - 96*b. Let c(f) = -2*f**3 + f**2 + f - 1. Let s be c(-2). Let n = s - b. Determine v(n).
-13
Let z(h) = 4*h**3 - h**2 - 2*h - 1. Let k be 0 - 7/((-35)/(-110)). Let t = k - -22. Suppose -34*n + 36*n + 2 = t. Calculate z(n).
-4
Suppose 0 = 3*m - 3*g + g - 7, -m + 4*g = -19. Let j(n) be the first derivative of -9*n**4/4 + 27. Give j(m).
9
Let j(m) be the first derivative of -m**3 + 7*m**2/2 - 3. Let w(b) = 11 - 6 - 2*b + 3*b - 4. Let v(t) = j(t) - 3*w(t). Determine v(2).
-7
Let b(n) = n**3 - n**2 - n + 1. Let z(v) = 7*v**3 + 3*v**2 - 15*v + 7. Let a(d) = -6*b(d) + z(d). Calculate a(-10).
-9
Let m(a) be the second derivative of -a**5/120 + a**4/12 - 7*a**3/3 - 8*a. Let o(v) be the second derivative of m(v). What is o(-2)?
4
Let d(f) = f**3 - 10*f**2 - 9*f - 6. Let p(k) = 2*k**3 - 21*k**2 - 17*k - 11. Let s(h) = 5*d(h) - 2*p(h). What is s(9)?
-26
Let i be (-4)/((-5)/1 - -3). Suppose -m = 2 + i. Let k(w) = -w**3 - 3*w**2 + 2*w - 4. Give k(m).
4
Suppose 181 = 11*l - 17. Let t(o) = -26*o - 7*o + l*o - 7*o. What is t(1)?
-22
Let s be (-35)/(-15) + 2/3. Let x(a) = a - 4*a**3 - 1 - s*a**2 + 3*a**2. Let f = -37 - -38. Calculate x(f).
-4
Suppose 7*g + 42 + 77 = 0. Let h(r) = -r**3 - 18*r**2 - 16*r + 6. Determine h(g).
-11
Let x(y) = -y**2 - 38*y - 188. Let i be x(-32). Let q(o) = -o**2 + 3*o + 3. Calculate q(i).
-1
Let z(c) = 2*c**3 + c. Let o(p) = 4*p**3 + 2*p. Let m(t) = 2*o(t) - 5*z(t). Let f(y) be the second derivative of m(y). Let x = 5 + -6. What is f(x)?
12
Let p(q) = 6*q**3 + q**2 - q. Let t = -23 + 38. Suppose 0 = -3*h - 4*s + t, 3*s - 9 - 16 = -5*h. Suppose h*k - 5 = -0. Determine p(k).
6
Let v be (-1 + -5)/(0 - 1). Let s(n) = 4*n + v - n - 3. Suppose 1598*c - 1592*c + 30 = 0. Give s(c).
-12
Suppose 0 = 2*k - z + 22, -2*k - z = -5*z + 34. Let w(d) = -2*d**3 - 17*d**2 + 10*d + 16. Let n be w(k). Let j(q) = q**2 - 7*q - 2. Give j(n).
-2
Suppose 5*k + 20 = 0, 3*r - k = -5 - 6. Let d(s) be the second derivative of -5/12*s**4 + s + 1/6*s**3 - 1/20*s**5 + 5/2*s**2 + 0. Give d(r).
0
Let g(z) = z**3 - z**2 + z. Let d(i) = i**2 - 12*i + 21. Let c be d(10). Determine g(c).
1
Let g = 4 + 2. Let l be 2/g*0 + 0. Let u(y) = 4*y**2 + 5*y + 3 - 4*y**2 + l*y + y**2. Give u(-3).
-3
Let g(w) be the second derivative of -w**4/12 + 2*w**3/3 - 3*w**2/2 - w. Let t = 57 - 61. Let f be -2 - (-8 - t)*1. Determine g(f).
1
Let c be ((-2)/(10/25*-1))/(-1). Let k(z) = -z**2 - 4*z + 1. What is k(c)?
-4
Let o(h) = -h**2 - 6*h - 9. Let j(t) = -t**2 + 2*t. Let b be j(3). Let w be o(b). Let m(i) = i**2 - i - 9. Calculate m(w).
-9
Let d(z) be the se